69b97
In base 4, what is 1113101111 + 2?
1113101113
In base 15, what is -4 - -32b33?
32b2e
In base 2, what is 10101000001 - -110001110001100110?
110010000110100111
In base 5, what is -3 - 1203143302?
-1203143310
In base 6, what is -3300 + -21542?
-25242
In base 10, what is 0 - 59518?
-59518
In base 8, what is 7772 + 5306?
15300
In base 16, what is 4d3 + -197?
33c
In base 9, what is 43702721 - 0?
43702721
In base 10, what is -274 + -543335?
-543609
In base 14, what is 3 - 54702a?
-547027
In base 6, what is -353143 - 105342?
-502525
In base 14, what is b7c5 - -ca5?
c68a
In base 8, what is 0 + -15277225?
-15277225
In base 8, what is 3 - 45625760?
-45625755
In base 10, what is 26927 - -93?
27020
In base 3, what is 10100 + -222120012001?
-222120001201
In base 16, what is -10cf7c + e8?
-10ce94
In base 16, what is 34 + 26860?
26894
In base 2, what is -1000101 - -110111110100101?
110111101100000
In base 6, what is 113321 + -3?
113314
In base 16, what is 5a5 + -4d5b?
-47b6
In base 16, what is -868bdc + -5?
-868be1
In base 4, what is -22 - -332333013002?
332333012320
In base 8, what is -1223454403 - 0?
-1223454403
In base 8, what is -445 - 442566?
-443233
In base 10, what is -4964904 - -3?
-4964901
In base 3, what is -2020121212 + 22112?
-2020022100
In base 14, what is -2564 + 8294?
5b30
In base 5, what is -140131040010 + -4?
-140131040014
In base 4, what is -11 - -100003223032010?
100003223031333
In base 13, what is 16 + -32c9a?
-32c84
In base 3, what is 100001012010120012 - 10?
100001012010120002
In base 12, what is 5255b7 - -1?
5255b8
In base 4, what is -2220310031 - 1221?
-2220311312
In base 11, what is 51117810 + 3?
51117813
In base 11, what is -5a213a1a6 - -5?
-5a213a1a1
In base 13, what is 1316b + 334?
134a2
In base 11, what is 1 - -14092694?
14092695
In base 14, what is -4 - -12d993?
12d98d
In base 10, what is -115662 + 12?
-115650
In base 2, what is 111001111010000110 + -1101010101?
111001101100110001
In base 6, what is -21 + -12541223?
-12541244
In base 14, what is 15 + -3c06a?
-3c055
In base 9, what is 4571 + -22?
4548
In base 14, what is -1531b - -2c?
-152cd
In base 10, what is 22738091 - -1?
22738092
In base 9, what is 55052345 - -1?
55052346
In base 15, what is -a12 + -2d52?
-3864
In base 11, what is -19 + 1703a19?
1703a00
In base 16, what is b83 + -14f5?
-972
In base 5, what is -401014 - -3314?
-342200
In base 13, what is 5 + 8a71b44?
8a71b49
In base 11, what is 4018414 + -2?
4018412
In base 5, what is -1313102 - 322?
-1313424
In base 16, what is -4 + -961930?
-961934
In base 2, what is -1101 + -1001101010010010100?
-1001101010010100001
In base 8, what is -55121716 + -37?
-55121755
In base 8, what is -147011552 - 3?
-147011555
In base 4, what is 2 - 3230022130?
-3230022122
In base 11, what is 463a - -8158?
11797
In base 13, what is 4 - 11644497?
-11644493
In base 2, what is -11 - -1110100001111000010101?
1110100001111000010010
In base 3, what is 11111200100112 + -2?
11111200100110
In base 2, what is 100100000 + -100000011000101?
-11111110100101
In base 5, what is -1140 + 44122?
42432
In base 4, what is 23210130 - 130023?
23020101
In base 10, what is -3 - -1156264?
1156261
In base 15, what is 6 - 4d6be8?
-4d6be2
In base 14, what is -548c41 + 70?
-548bb1
In base 4, what is -102 + -330231233321?
-330231300023
In base 6, what is 30244504522 + -1?
30244504521
In base 7, what is 10250 + 103563?
114143
In base 6, what is -5555420331 + 14?
-5555420313
In base 8, what is 4105057 - 25?
4105032
In base 15, what is 5b052 + -ea?
5ae57
In base 4, what is 1232203010 - 1121?
1232201223
In base 16, what is 1962cfa + 4?
1962cfe
In base 16, what is -9849 - b5?
-98fe
In base 13, what is -1c56 + 29b?
-1988
In base 13, what is -15b71 + 19a?
-159a4
In base 16, what is -1dbb + 128b?
-b30
In base 16, what is -1831 - -90e7?
78b6
In base 15, what is c - -13c55?
13c62
In base 9, what is -3 + -4218717?
-4218721
In base 16, what is -8 + -1259706?
-125970e
In base 4, what is -21212213110 + 1?
-21212213103
In base 15, what is 143d - -1a32?
2e70
In base 13, what is 1 + 48ca634?
48ca635
In base 6, what is 1311334 - 411?
1310523
In base 16, what is 12 - -34e99?
34eab
In base 2, what is -1101010001101111010111001100 + 101?
-1101010001101111010111000111
In base 9, what is -40450 - 2273?
-42733
In base 16, what is 1a - -166dc?
166f6
In base 2, what is -1110110001010101100 - 10000011?
-1110110001100101111
In base 5, what is -1012 + -3211310?
-3212322
In base 6, what is -5100410102 - 4?
-5100410110
In base 16, what is -231ca + 2?
-231c8
In base 13, what is 5 - -5987775?
598777a
In base 16, what is 2 + 3f4f79?
3f4f7b
In base 14, what is 4b8726 + 7?
4b872d
In base 10, what is -4972952 - -61?
-4972891
In base 9, what is -47367 + 18?
-47348
In base 14, what is b24b5c + -a?
b24b52
In base 14, what is -2 - 357a564?
-357a566
In base 2, what is -100 - -1000011011111100100101100001?
1000011011111100100101011101
In base 3, what is -20120201 + 112010?
-20001121
In base 13, what is 36235684 + -1?
36235683
In base 2, what is 10010011000110001110000 + -11101?
10010011000110001010011
In base 15, what is 4e - -e3d7c?
e3dcb
In base 9, what is 4 - -42001243?
42001247
In base 11, what is 14 + -3274788?
-3274774
In base 9, what is -48880442 - -4?
-48880437
In base 16, what is 282 - -ea4c?
ecce
In base 7, what is 302631 + 230?
303161
In base 8, what is -40731 - 127?
-41060
In base 8, what is -237071 + -5?
-237076
In base 9, what is 408 - 15000?
-14481
In base 14, what is -26b473 - 8?
-26b47b
In base 3, what is -100 - -120110121112?
120110121012
In base 12, what is -b563a2 + 117?
-b56287
In base 3, what is 1 - -2000202100120001?
2000202100120002
In base 4, what is 11101 - -200301?
212002
In base 11, what is -814756 - 12?
-814768
In base 13, what is 587994 + -1?
587993
In base 7, what is 1302441 + -1165?
1301243
In base 4, what is 200 - -33123110123?
33123110323
In base 3, what is -210101210 - -1000121?
-202101012
In base 14, what is -176 - 1523a?
-153b2
In base 9, what is -4755126 + 4?
-4755122
In base 4, what is -1 - -30332300203?
30332300202
In base 4, what is -1210010013213 + -10?
-1210010013223
In base 10, what is -93 - -22535?
22442
In base 13, what is -179b2 + -124?
-17b06
In base 9, what is 4017653 - 4?
4017648
In base 5, what is 423001 + -21444?
401002
In base 7, what is -16244205 + 2?
-16244203
In base 8, what is -11 - 556340?
-556351
In base 7, what is 4 - -501100363?
501100400
In base 11, what is -97103 + -15?
-97118
In base 14, what is -232b006d - -8?
-232b0065
In base 4, what is -12 - 11222203112?
-11222203130
In base 12, what is 150 + -269a0?
-26850
In base 13, what is 121 + 93ba?
950b
In base 15, what is 27 - 2100e9?
-2100c2
In base 15, what is -137 - -2e51?
2d19
In base 12, what is 211 - 20801?
-205b0
In base 11, what is 1676570 + -1?
167656a
In base 12, what is -30 - 1144a381?
-1144a3b1
In base 15, what is -b93e84 + 2c?
-b93e57
In base 16, what is 5 - -e5f847?
e5f84c
In base 9, what is 3385780 + -10?
3385770
In base 4, what is 2020203332 - 20032?
2020123300
In base 13, what is 2 - -1116124?
1116126
In base 15, what is 4 + -2b6669?
-2b6665
In base 3, what is -2011 + -11002122110221?
-11002122120002
In base 16, what is 1 + ac958?
ac959
In base 2, what is 1 + 1001011010101110001111111?
1001011010101110010000000
In base 14, what is -3 - 13040a33?
-13040a36
In base 8, what is 5123 + 36316?
43441
In base 4, what is -22332121202122 - -11?
-22332121202111
In base 4, what is -30222101030 - 3?
-30222101033
In base 9, what is 47455757 - -3?
47455761
In base 11, what is -1 + 19a0291?
19a0290
In base 6, what is -114 - -1515210?
1515052
In base 6, what is -105 - -114222455?
114222350
In base 11, what is -a76998 - -91?
-a76907
In base 13, what is 3623 + 12348?
1596b
In base 13, what is -408 + -5c06?
-6311
In base 6, what is 14 + -1144441044?
-1144441030
In base 13, what is 351b13 - -10b?
351c21
In base 4, what is 11 + -21010001200?
-21010001123
In base 15, what is -1823 + -1640?
-2e63
In base 7, what is -16542 - -44443?
24601
In base 6, what is -2512 + 215141?
212225
In base 11, what is -90834 + 70a?
-90125
In base 8, what is -144375770 - -5?
-144375763
In base 15, what is 9 - -373ca5?
373cae
In base 4, what is 202111 - 10211321?
-10003210
In base 14, what is 17 - 7ac6d?
-7ac56
In base 7, wha